{"id":194,"date":"2023-11-29T18:34:13","date_gmt":"2023-11-29T17:34:13","guid":{"rendered":"https:\/\/lacappella.com.ar\/?page_id=194"},"modified":"2023-11-29T18:34:14","modified_gmt":"2023-11-29T17:34:14","slug":"la-sierra-y-su-entorno","status":"publish","type":"page","link":"https:\/\/lacappella.com.ar\/index.php\/la-sierra-y-su-entorno\/","title":{"rendered":"La sierra y su entorno"},"content":{"rendered":"\n<div class=\"wp-block-file\"><a id=\"wp-block-file--media-f054b96f-7495-4d2b-9bda-67b116caa424\" href=\"https:\/\/lacappella.com.ar\/wp-content\/uploads\/2023\/11\/06.pdf\" target=\"_blank\" rel=\"noreferrer noopener\">PDF con informaci\u00f3n de la zona provista por el EMTUR<\/a><a href=\"https:\/\/lacappella.com.ar\/wp-content\/uploads\/2023\/11\/06.pdf\" class=\"wp-block-file__button wp-element-button\" download aria-describedby=\"wp-block-file--media-f054b96f-7495-4d2b-9bda-67b116caa424\">Descarga<\/a><\/div>\n\n\n\n<p><\/p>\n\n\n\n<p><strong>Gruta de los Pa\u00f1uelos<\/strong><\/p>\n\n\n\n<div class=\"wp-block-columns is-layout-flex wp-container-core-columns-is-layout-9d6595d7 wp-block-columns-is-layout-flex\">\n<div class=\"wp-block-column is-layout-flow wp-block-column-is-layout-flow\">\n<p>A fines de la d\u00e9cada del &#8217;40, una pareja de inmigrantes italianos, coloc\u00f3 una imagen de la virgen y rezaron pidi\u00e9ndole la posibilidad de tener un hijo, ya que hasta ese momento no hab\u00edan tenido la gracia de concebirlo. A modo de ofrenda y como s\u00edmbolo de su uni\u00f3n espiritual, ataron dos pa\u00f1uelos . Como es de imaginar, a los pocos meses el milagro ocurri\u00f3 y eso dio origen a la leyenda, lo que gener\u00f3 que a\u00f1o tras a\u00f1o, se vayan agregando pa\u00f1uelos de diferentes personas que acceden all\u00ed para hacer su pedido y su ofrenda.<\/p>\n<\/div>\n\n\n\n<div class=\"wp-block-column is-layout-flow wp-block-column-is-layout-flow\"><div class=\"wp-block-image\">\n<figure class=\"aligncenter size-full\"><img loading=\"lazy\" decoding=\"async\" width=\"550\" height=\"367\" src=\"http:\/\/lacappella.com.ar\/wp-content\/uploads\/2023\/11\/la-gruta-y-la-virgen.jpg\" alt=\"\" class=\"wp-image-195\" srcset=\"https:\/\/lacappella.com.ar\/wp-content\/uploads\/2023\/11\/la-gruta-y-la-virgen.jpg 550w, https:\/\/lacappella.com.ar\/wp-content\/uploads\/2023\/11\/la-gruta-y-la-virgen-300x200.jpg 300w\" sizes=\"auto, (max-width: 550px) 100vw, 550px\" \/><\/figure>\n<\/div><\/div>\n<\/div>\n\n\n\n<p><strong>Paseos comerciales<\/strong><\/p>\n\n\n\n<div class=\"wp-block-columns is-layout-flex wp-container-core-columns-is-layout-9d6595d7 wp-block-columns-is-layout-flex\">\n<div class=\"wp-block-column is-layout-flow wp-block-column-is-layout-flow\"><div class=\"wp-block-image\">\n<figure class=\"aligncenter size-full\"><img loading=\"lazy\" decoding=\"async\" width=\"382\" height=\"510\" src=\"https:\/\/lacappella.com.ar\/wp-content\/uploads\/2023\/11\/2023-11-06.jpg\" alt=\"\" class=\"wp-image-196\" srcset=\"https:\/\/lacappella.com.ar\/wp-content\/uploads\/2023\/11\/2023-11-06.jpg 382w, https:\/\/lacappella.com.ar\/wp-content\/uploads\/2023\/11\/2023-11-06-225x300.jpg 225w\" sizes=\"auto, (max-width: 382px) 100vw, 382px\" \/><\/figure>\n<\/div><\/div>\n\n\n\n<div class=\"wp-block-column is-layout-flow wp-block-column-is-layout-flow\">\n<p>Ni bien se cruza el arco que da ingreso al barrio, se aprecia la gran cantidad de comercios, pensados, tanto para el vecino del lugar, como tambi\u00e9n para el turista. Continuando por su calle principal, subiendo la sierra, se puede acceder al Paseo de la cumbre, otro bello sitio que, adem\u00e1s de su potencial comercial, ofrece hermosas vistas a\u00e9reas.<br>Gastronom\u00eda, cafeter\u00eda, indumentaria, regaler\u00eda, y diversos rubros hacen del lugar un paseo obligado.<\/p>\n<\/div>\n<\/div>\n\n\n\n<p><strong>Laguna de los Padres<\/strong><\/p>\n\n\n\n<div class=\"wp-block-columns is-layout-flex wp-container-core-columns-is-layout-9d6595d7 wp-block-columns-is-layout-flex\">\n<div class=\"wp-block-column is-layout-flow wp-block-column-is-layout-flow\">\n<p>Tanto desde la ruta 226, yendo para el lado de Mar del Plata, como asi tambi\u00e9n, desde un camino de tierra desde el sector de Sierra de los Padres, se accede a la Laguna de los Padres.<br>Con sus mas de 600 hect\u00e1reas, nos ofrece diversas actividades, como paseos en bote, pesca, sectores de recreaci\u00f3n, fogones, y la posibilidad de disfrutar al aire libre, de momentos inolvidables. <\/p>\n<\/div>\n\n\n\n<div class=\"wp-block-column is-layout-flow wp-block-column-is-layout-flow\"><div class=\"wp-block-image\">\n<figure class=\"aligncenter size-full\"><img loading=\"lazy\" decoding=\"async\" width=\"800\" height=\"463\" src=\"https:\/\/lacappella.com.ar\/wp-content\/uploads\/2023\/11\/lagunadelospadres.jpg\" alt=\"\" class=\"wp-image-197\" srcset=\"https:\/\/lacappella.com.ar\/wp-content\/uploads\/2023\/11\/lagunadelospadres.jpg 800w, https:\/\/lacappella.com.ar\/wp-content\/uploads\/2023\/11\/lagunadelospadres-300x174.jpg 300w, https:\/\/lacappella.com.ar\/wp-content\/uploads\/2023\/11\/lagunadelospadres-768x444.jpg 768w\" sizes=\"auto, (max-width: 800px) 100vw, 800px\" \/><\/figure>\n<\/div><\/div>\n<\/div>\n\n\n\n<p><strong>Reducci\u00f3n del Pilar<\/strong><\/p>\n\n\n\n<div class=\"wp-block-columns is-layout-flex wp-container-core-columns-is-layout-9d6595d7 wp-block-columns-is-layout-flex\">\n<div class=\"wp-block-column is-layout-flow wp-block-column-is-layout-flow\"><div class=\"wp-block-image\">\n<figure class=\"aligncenter size-full\"><img loading=\"lazy\" decoding=\"async\" width=\"400\" height=\"244\" src=\"https:\/\/lacappella.com.ar\/wp-content\/uploads\/2023\/11\/reduccion.jpg\" alt=\"\" class=\"wp-image-198\" srcset=\"https:\/\/lacappella.com.ar\/wp-content\/uploads\/2023\/11\/reduccion.jpg 400w, https:\/\/lacappella.com.ar\/wp-content\/uploads\/2023\/11\/reduccion-300x183.jpg 300w\" sizes=\"auto, (max-width: 400px) 100vw, 400px\" \/><\/figure>\n<\/div><\/div>\n\n\n\n<div class=\"wp-block-column is-layout-flow wp-block-column-is-layout-flow\">\n<p>Fue fundada en 1746, a orillas de la Laguna de las Cabrillas, hoy conocida como Laguna de los Padres, con la idea de que las tribus n\u00f3mades de la zona se asienten all\u00ed. La misma tuvo una vida muy corta, ya que desapareci\u00f3 en 1751.<br>Lo que se puede apreciar hoy, es una reconstrucci\u00f3n realizada en el a\u00f1o 1968 y remodelada en la d\u00e9cada del 90.<br><\/p>\n<\/div>\n<\/div>\n\n\n\n<p><strong>Museo Jose Hernandez<\/strong><\/p>\n\n\n\n<div class=\"wp-block-columns is-layout-flex wp-container-core-columns-is-layout-9d6595d7 wp-block-columns-is-layout-flex\">\n<div class=\"wp-block-column is-layout-flow wp-block-column-is-layout-flow\">\n<p>El edificio pertenece al casco de la antigua Estancia Laguna de los Padres, construido en 1882. La construcci\u00f3n se mantiene original en su estructura y fue declarada de inter\u00e9s patrimonial por la Municipalidad de General Pueyrred\u00f3n y Monumento Hist\u00f3rico Arquitect\u00f3nico por Ley Provincial N\u00ba13421.<br>Originalmente fue una moderna y extensa propiedad, con varios puestos, un galp\u00f3n de esquila, ba\u00f1adero de ovejas y casa para el mayordomo.<br>La casa principal consta de tres cuerpos, con planta en U y presenta el sistema de doble galer\u00eda, interna y externa. Las habitaciones del ala derecha e izquierda constituyen las 8 salas de exposici\u00f3n, cuyos pisos y decorados se mantienen originales.<br>Las cuatro habitaciones del sector frontal se encuentran afectadas al funcionamiento del museo (oficinas, dep\u00f3sito y taller).<br>El jard\u00edn se conecta directamente con el \u00e1rea parquizada de la Reserva Integral Laguna de los Padres.<br>Mas informaci\u00f3n en <a href=\"https:\/\/www.mardelplata.gob.ar\/Contenido\/museo-municipal-jos%C3%A9-hern%C3%A1ndez-h\">https:\/\/www.mardelplata.gob.ar\/Contenido\/museo-municipal-jos%C3%A9-hern%C3%A1ndez-h<\/a><\/p>\n\n\n<div class=\"wp-block-image\">\n<figure class=\"aligncenter size-full\"><img loading=\"lazy\" decoding=\"async\" width=\"680\" height=\"382\" src=\"https:\/\/lacappella.com.ar\/wp-content\/uploads\/2023\/11\/2023-05-10.jpg\" alt=\"\" class=\"wp-image-199\" srcset=\"https:\/\/lacappella.com.ar\/wp-content\/uploads\/2023\/11\/2023-05-10.jpg 680w, https:\/\/lacappella.com.ar\/wp-content\/uploads\/2023\/11\/2023-05-10-300x169.jpg 300w\" sizes=\"auto, (max-width: 680px) 100vw, 680px\" \/><\/figure>\n<\/div><\/div>\n<\/div>\n","protected":false},"excerpt":{"rendered":"<p>Gruta de los Pa\u00f1uelos A fines de la d\u00e9cada del &#8217;40, una pareja de inmigrantes italianos, coloc\u00f3 una imagen de la virgen y rezaron pidi\u00e9ndole la posibilidad de tener un hijo, ya que hasta ese momento no hab\u00edan tenido la gracia de concebirlo. A modo de ofrenda y como s\u00edmbolo de su uni\u00f3n espiritual, ataron&#8230;<\/p>\n","protected":false},"author":1,"featured_media":0,"parent":0,"menu_order":0,"comment_status":"closed","ping_status":"closed","template":"","meta":{"_kad_post_transparent":"","_kad_post_title":"","_kad_post_layout":"","_kad_post_sidebar_id":"","_kad_post_content_style":"","_kad_post_vertical_padding":"","_kad_post_feature":"","_kad_post_feature_position":"","_kad_post_header":false,"_kad_post_footer":false,"_kad_post_classname":"","footnotes":""},"class_list":["post-194","page","type-page","status-publish","hentry"],"aioseo_notices":[],"_links":{"self":[{"href":"https:\/\/lacappella.com.ar\/index.php\/wp-json\/wp\/v2\/pages\/194","targetHints":{"allow":["GET"]}}],"collection":[{"href":"https:\/\/lacappella.com.ar\/index.php\/wp-json\/wp\/v2\/pages"}],"about":[{"href":"https:\/\/lacappella.com.ar\/index.php\/wp-json\/wp\/v2\/types\/page"}],"author":[{"embeddable":true,"href":"https:\/\/lacappella.com.ar\/index.php\/wp-json\/wp\/v2\/users\/1"}],"replies":[{"embeddable":true,"href":"https:\/\/lacappella.com.ar\/index.php\/wp-json\/wp\/v2\/comments?post=194"}],"version-history":[{"count":1,"href":"https:\/\/lacappella.com.ar\/index.php\/wp-json\/wp\/v2\/pages\/194\/revisions"}],"predecessor-version":[{"id":201,"href":"https:\/\/lacappella.com.ar\/index.php\/wp-json\/wp\/v2\/pages\/194\/revisions\/201"}],"wp:attachment":[{"href":"https:\/\/lacappella.com.ar\/index.php\/wp-json\/wp\/v2\/media?parent=194"}],"curies":[{"name":"wp","href":"https:\/\/api.w.org\/{rel}","templated":true}]}}

<div class="wp-block-file"><a id="wp-block-file--media-f054b96f-7495-4d2b-9bda-67b116caa424" href="https://lacappella.com.ar/wp-content/uploads/2023/11/06.pdf" target="_blank" rel="noreferrer noopener">PDF con información de la zona provista por el EMTUR</a><a href="https://lacappella.com.ar/wp-content/uploads/2023/11/06.pdf" class="wp-block-file__button wp-element-button" download aria-describedby="wp-block-file--media-f054b96f-7495-4d2b-9bda-67b116caa424">Descarga</a></div>



<p></p>



<p><strong>Gruta de los Pañuelos</strong></p>



<div class="wp-block-columns is-layout-flex wp-container-core-columns-is-layout-9d6595d7 wp-block-columns-is-layout-flex">
<div class="wp-block-column is-layout-flow wp-block-column-is-layout-flow">
<p>A fines de la década del &#8217;40, una pareja de inmigrantes italianos, colocó una imagen de la virgen y rezaron pidiéndole la posibilidad de tener un hijo, ya que hasta ese momento no habían tenido la gracia de concebirlo. A modo de ofrenda y como símbolo de su unión espiritual, ataron dos pañuelos . Como es de imaginar, a los pocos meses el milagro ocurrió y eso dio origen a la leyenda, lo que generó que año tras año, se vayan agregando pañuelos de diferentes personas que acceden allí para hacer su pedido y su ofrenda.</p>
</div>



<div class="wp-block-column is-layout-flow wp-block-column-is-layout-flow"><div class="wp-block-image">
<figure class="aligncenter size-full"><img loading="lazy" decoding="async" width="550" height="367" src="http://lacappella.com.ar/wp-content/uploads/2023/11/la-gruta-y-la-virgen.jpg" alt="" class="wp-image-195" srcset="https://lacappella.com.ar/wp-content/uploads/2023/11/la-gruta-y-la-virgen.jpg 550w, https://lacappella.com.ar/wp-content/uploads/2023/11/la-gruta-y-la-virgen-300x200.jpg 300w" sizes="auto, (max-width: 550px) 100vw, 550px" /></figure>
</div></div>
</div>



<p><strong>Paseos comerciales</strong></p>



<div class="wp-block-columns is-layout-flex wp-container-core-columns-is-layout-9d6595d7 wp-block-columns-is-layout-flex">
<div class="wp-block-column is-layout-flow wp-block-column-is-layout-flow"><div class="wp-block-image">
<figure class="aligncenter size-full"><img loading="lazy" decoding="async" width="382" height="510" src="https://lacappella.com.ar/wp-content/uploads/2023/11/2023-11-06.jpg" alt="" class="wp-image-196" srcset="https://lacappella.com.ar/wp-content/uploads/2023/11/2023-11-06.jpg 382w, https://lacappella.com.ar/wp-content/uploads/2023/11/2023-11-06-225x300.jpg 225w" sizes="auto, (max-width: 382px) 100vw, 382px" /></figure>
</div></div>



<div class="wp-block-column is-layout-flow wp-block-column-is-layout-flow">
<p>Ni bien se cruza el arco que da ingreso al barrio, se aprecia la gran cantidad de comercios, pensados, tanto para el vecino del lugar, como también para el turista. Continuando por su calle principal, subiendo la sierra, se puede acceder al Paseo de la cumbre, otro bello sitio que, además de su potencial comercial, ofrece hermosas vistas aéreas.<br>Gastronomía, cafetería, indumentaria, regalería, y diversos rubros hacen del lugar un paseo obligado.</p>
</div>
</div>



<p><strong>Laguna de los Padres</strong></p>



<div class="wp-block-columns is-layout-flex wp-container-core-columns-is-layout-9d6595d7 wp-block-columns-is-layout-flex">
<div class="wp-block-column is-layout-flow wp-block-column-is-layout-flow">
<p>Tanto desde la ruta 226, yendo para el lado de Mar del Plata, como asi también, desde un camino de tierra desde el sector de Sierra de los Padres, se accede a la Laguna de los Padres.<br>Con sus mas de 600 hectáreas, nos ofrece diversas actividades, como paseos en bote, pesca, sectores de recreación, fogones, y la posibilidad de disfrutar al aire libre, de momentos inolvidables. </p>
</div>



<div class="wp-block-column is-layout-flow wp-block-column-is-layout-flow"><div class="wp-block-image">
<figure class="aligncenter size-full"><img loading="lazy" decoding="async" width="800" height="463" src="https://lacappella.com.ar/wp-content/uploads/2023/11/lagunadelospadres.jpg" alt="" class="wp-image-197" srcset="https://lacappella.com.ar/wp-content/uploads/2023/11/lagunadelospadres.jpg 800w, https://lacappella.com.ar/wp-content/uploads/2023/11/lagunadelospadres-300x174.jpg 300w, https://lacappella.com.ar/wp-content/uploads/2023/11/lagunadelospadres-768x444.jpg 768w" sizes="auto, (max-width: 800px) 100vw, 800px" /></figure>
</div></div>
</div>



<p><strong>Reducción del Pilar</strong></p>



<div class="wp-block-columns is-layout-flex wp-container-core-columns-is-layout-9d6595d7 wp-block-columns-is-layout-flex">
<div class="wp-block-column is-layout-flow wp-block-column-is-layout-flow"><div class="wp-block-image">
<figure class="aligncenter size-full"><img loading="lazy" decoding="async" width="400" height="244" src="https://lacappella.com.ar/wp-content/uploads/2023/11/reduccion.jpg" alt="" class="wp-image-198" srcset="https://lacappella.com.ar/wp-content/uploads/2023/11/reduccion.jpg 400w, https://lacappella.com.ar/wp-content/uploads/2023/11/reduccion-300x183.jpg 300w" sizes="auto, (max-width: 400px) 100vw, 400px" /></figure>
</div></div>



<div class="wp-block-column is-layout-flow wp-block-column-is-layout-flow">
<p>Fue fundada en 1746, a orillas de la Laguna de las Cabrillas, hoy conocida como Laguna de los Padres, con la idea de que las tribus nómades de la zona se asienten allí. La misma tuvo una vida muy corta, ya que desapareció en 1751.<br>Lo que se puede apreciar hoy, es una reconstrucción realizada en el año 1968 y remodelada en la década del 90.<br></p>
</div>
</div>



<p><strong>Museo Jose Hernandez</strong></p>



<div class="wp-block-columns is-layout-flex wp-container-core-columns-is-layout-9d6595d7 wp-block-columns-is-layout-flex">
<div class="wp-block-column is-layout-flow wp-block-column-is-layout-flow">
<p>El edificio pertenece al casco de la antigua Estancia Laguna de los Padres, construido en 1882. La construcción se mantiene original en su estructura y fue declarada de interés patrimonial por la Municipalidad de General Pueyrredón y Monumento Histórico Arquitectónico por Ley Provincial Nº13421.<br>Originalmente fue una moderna y extensa propiedad, con varios puestos, un galpón de esquila, bañadero de ovejas y casa para el mayordomo.<br>La casa principal consta de tres cuerpos, con planta en U y presenta el sistema de doble galería, interna y externa. Las habitaciones del ala derecha e izquierda constituyen las 8 salas de exposición, cuyos pisos y decorados se mantienen originales.<br>Las cuatro habitaciones del sector frontal se encuentran afectadas al funcionamiento del museo (oficinas, depósito y taller).<br>El jardín se conecta directamente con el área parquizada de la Reserva Integral Laguna de los Padres.<br>Mas información en <a href="https://www.mardelplata.gob.ar/Contenido/museo-municipal-jos%C3%A9-hern%C3%A1ndez-h">https://www.mardelplata.gob.ar/Contenido/museo-municipal-jos%C3%A9-hern%C3%A1ndez-h</a></p>


<div class="wp-block-image">
<figure class="aligncenter size-full"><img loading="lazy" decoding="async" width="680" height="382" src="https://lacappella.com.ar/wp-content/uploads/2023/11/2023-05-10.jpg" alt="" class="wp-image-199" srcset="https://lacappella.com.ar/wp-content/uploads/2023/11/2023-05-10.jpg 680w, https://lacappella.com.ar/wp-content/uploads/2023/11/2023-05-10-300x169.jpg 300w" sizes="auto, (max-width: 680px) 100vw, 680px" /></figure>
</div></div>
</div>

<p>Gruta de los Pañuelos A fines de la década del &#8217;40, una pareja de inmigrantes italianos, colocó una imagen de la virgen y rezaron pidiéndole la posibilidad de tener un hijo, ya que hasta ese momento no habían tenido la gracia de concebirlo. A modo de ofrenda y como símbolo de su unión espiritual, ataron&#8230;</p>
